Let s(h) = 2*h**2 + 3*h - 6. Determine s(5).
59
Let k(c) = -c**3 - 3*c + 30. What is k(0)?
30
Let r(w) = -w**3 - 8*w**2 + 4*w + 22. Calculate r(-7).
-55
Let r(a) = -a**3 + 17*a**2 - 18*a + 21. Give r(16).
-11
Let w(h) = -h**3 + 5*h**2 + 7. Calculate w(5).
7
Let y(t) = t + 1. What is y(-13)?
-12
Let g(n) = -n**3 - 10*n**2 - 4*n + 22. Determine g(-7).
-97
Let v(z) = 10*z**2 - 63*z + 5. What is v(6)?
-13
Let k(o) = -9*o**3 - 2*o**2 - 3*o. Determine k(-1).
10
Let q(x) = -2*x**2 + 6*x + 3. What is q(7)?
-53
Let i(v) = -v**2 + 9*v + 34. What is i(-9)?
-128
Let l(j) = 21*j + 1. Give l(-1).
-20
Let j(r) = 48*r**3 + r**2 - r + 1. Give j(1).
49
Let q(x) = x**2 - 4*x - 80. Calculate q(10).
-20
Let m(z) = 5*z**3 + z + 1. Give m(-1).
-5
Let i(y) = y**3 - 5*y**2 - 11*y + 4. Determine i(7).
25
Let w(v) = -v**2 + 13*v - 43. Determine w(5).
-3
Let o(x) = x**3 - 11*x**2 + 26*x - 7. Give o(8).
9
Let m(c) = c**2 - 7*c - 40. Calculate m(9).
-22
Let x(m) = m**3 + m**2 - 7*m + 2. Determine x(-3).
5
Let l(g) = 2*g**2 - 18*g - 44. What is l(10)?
-24
Let p(y) = 2*y**2 - 8*y - 64. Give p(-4).
0
Let w(q) = 3*q + 89. Give w(-16).
41
Let m(j) = -5*j + 44. Give m(9).
-1
Let l(v) = v**2 + 12*v. Give l(-11).
-11
Let v(d) = d**3 + 6*d**2 + d + 1. Give v(-6).
-5
Let j(n) = -5*n**2 + 37*n - 8. What is j(7)?
6
Let d(y) = y**3 - 7*y**2 + 3. Give d(7).
3
Let h(y) = y**2 + 9*y + 17. Give h(-6).
-1
Let z(j) = -j**3 + 3*j - 18. What is z(0)?
-18
Let m(f) = -f - 11. Determine m(-7).
-4
Let w(p) = -57*p - 1. Calculate w(1).
-58
Let d(p) = p**2 + 16*p + 15. Determine d(-16).
15
Let a(p) = p**3 + 4*p**2 - 5*p - 2. What is a(-3)?
22
Let r(u) = u**3 - 6*u**2 + 8*u - 4. Calculate r(5).
11
Let b(x) = x**3 - 5*x**2 - 34*x - 23. Determine b(-3).
7
Let d(h) = h**2 + 4*h + 1. What is d(-4)?
1
Let s(x) = -x**3 - 8*x**2 - 10*x + 9. What is s(-6)?
-3
Let w(a) = -8*a - 1. Determine w(1).
-9
Let u(t) = t**2 + 5*t - 9. Calculate u(-5).
-9
Let a(s) = -s**2 + s + 6. Determine a(5).
-14
Let o(z) = z**3 + 10*z**2 - 11. Calculate o(-10).
-11
Let t(l) = -4*l - 6. What is t(-6)?
18
Let g(b) = -b**3 + 6*b**2 + 7*b + 4. Calculate g(7).
4
Let c(d) = -d**3 - 9*d**2 - 11*d - 5. What is c(-8)?
19
Let w(p) = p**3 - 8*p**2 + 4*p + 6. Determine w(7).
-15
Let q(i) = 6*i + 28. Calculate q(-6).
-8
Let s(y) = -10*y - 137. Calculate s(-13).
-7
Let i(w) = -w**2 - 8*w - 3. What is i(-3)?
12
Let h(l) = -9*l**3 - 2*l**2 - l + 2. What is h(1)?
-10
Let i(k) = 57*k - 1081. What is i(19)?
2
Let h(p) = -p**2 - 2*p - 13. Give h(-6).
-37
Let v(c) = -2*c**3 + c - 4. Calculate v(-2).
10
Let f(t) = 3*t - 39. What is f(13)?
0
Let d(c) = -14*c - 88. What is d(-11)?
66
Let u(v) = -v**2 + 13*v - 21. Give u(10).
9
Let g(l) = -2*l + 8. Calculate g(7).
-6
Let d(z) = 3*z**2 - 12*z + 12. Determine d(1).
3
Let b(r) = -r**3 + 3*r**2 + 9*r + 3. What is b(5)?
-2
Let b(q) = 51*q**2 + 3*q - 2. Calculate b(1).
52
Let f(j) = -j**2 + 5*j + 197. What is f(17)?
-7
Let b(g) = g**2 - 6*g + 11. Determine b(5).
6
Let x(f) = -f**3 + 8*f**2 + 6*f + 6. Give x(9).
-21
Let d(z) = 21*z**3 - z**2 + 2*z - 1. Determine d(1).
21
Let y(r) = -r**2 + 23*r + 146. Calculate y(28).
6
Let v(x) = -x - 10. Determine v(0).
-10
Let p(u) = -2*u**2 - 4*u + 14. Give p(2).
-2
Let l(k) = k**2 - 2*k + 1. Give l(1).
0
Let f(b) = b**3 + 8*b**2 + 6*b - 13. What is f(-8)?
-61
Let h(r) = -r**3 - 7*r**2 + 7*r - 2. What is h(-8)?
6
Let a(i) = 15*i + 33. Determine a(-3).
-12
Let z(a) = -11*a + 85. Give z(26).
-201
Let c(k) = -k**2 - 10*k + 35. Calculate c(-13).
-4
Let x(k) = -k**3 - 9*k**2 + 11*k + 16. What is x(-10)?
6
Let l(i) = i**3 - 9*i**2 - 9*i - 5. Give l(10).
5
Let d(z) = z**3 + 6*z**2 + 7*z + 6. Calculate d(-4).
10
Let l(w) = w**2 + 6*w - 38. Determine l(4).
2
Let i(l) = l**2 + 8*l - 10. Calculate i(-7).
-17
Let t(i) = -45*i. Give t(-1).
45
Let d(h) = 2*h - 42. Calculate d(22).
2
Let a(h) = h**2 + 15*h - 48. Calculate a(-18).
6
Let m(h) = -9*h - 5. Give m(3).
-32
Let f(y) = 2*y**2 + 51*y + 32. Calculate f(-25).
7
Let y(o) = o**2 - 5*o - 6. Give y(8).
18
Let w(a) = a**3 - 12*a**2 + a + 14. Determine w(12).
26
Let f(h) = h**3 - 6*h**2 - 7*h + 3. What is f(7)?
3
Let r(c) = -5*c + 7. Calculate r(-4).
27
Let x(u) = -2*u + 5. Calculate x(-7).
19
Let w(j) = j. What is w(1)?
1
Let p(z) = -z**2 + 5*z + 35. What is p(11)?
-31
Let b(m) = -3*m**2 - m + 2. What is b(2)?
-12
Let i(y) = y**3 - 9*y**2 + 8*y - 11. Calculate i(8).
-11
Let c(v) = 2*v**3 - 2*v - 1. Calculate c(-1).
-1
Let h(w) = -5*w**2 - w + 3. What is h(2)?
-19
Let i(a) = 59*a**2. Give i(-1).
59
Let u(l) = -l**2 + 25*l - 31. What is u(24)?
-7
Let a(n) = -n**2 + 3*n + 1. Give a(5).
-9
Let k(g) = g - 7. Calculate k(6).
-1
Let d(t) = -t**3 + 3*t**2 + 8*t + 4. Determine d(5).
-6
Let i(l) = 2*l - 10. Give i(7).
4
Let m(f) = f**3 + 20*f**2 + 56*f + 83. What is m(-17)?
-2
Let f(a) = a**3 + 35*a**2 - 73*a + 40. What is f(-37)?
3
Let q(f) = f**3 - 14*f**2 - 14*f - 8. Calculate q(15).
7
Let a(c) = -c**2 + 3*c - 10. Calculate a(5).
-20
Let g(z) = z**2 + 26*z - 9. What is g(-20)?
-129
Let n(a) = a**2 - 9*a - 7. What is n(9)?
-7
Let n(l) = -l**3 - 12*l**2 + 35*l - 5. What is n(2)?
9
Let u(b) = -2*b**3 - 22*b**2 - 2*b - 11. Determine u(-10).
-191
Let f(s) = s**3 - 18*s**2 - s + 14. Determine f(18).
-4
Let t(b) = b**3 + 5*b**2 - 6*b. Calculate t(-6).
0
Let g(p) = -p**3 - 2*p**2 + 3*p - 6. Determine g(-4).
14
Let l(c) = c**3 - 16*c**2 + 15*c - 3. Determine l(15).
-3
Let g(r) = -r**3 + 2*r**2 + 12*r - 9. Give g(4).
7
Let a(k) = -k**2 + 3*k + 14. Give a(6).
-4
Let q(t) = -8*t - 5. Determine q(-2).
11
Let n(i) = -2*i**2 + 16*i - 32. What is n(6)?
-8
Let v(i) = i**2 - i - 8. Calculate v(7).
34
Let u(n) = n**3 + 16*n**2 + n + 13. What is u(-16)?
-3
Let q(v) = -v**2 + 4. What is q(3)?
-5
Let g(b) = -3*b**2 - 15*b - 27. Calculate g(-5).
-27
Let r(v) = -v**2 - 22*v + 29. Determine r(-24).
-19
Let a(k) = 2*k**3 - 31*k**2 + 18*k - 44. Determine a(15).
1
Let p(y) = -y - 19. What is p(-39)?
20
Let w(j) = -j**3 + 2*j**2 - 5*j + 7. Determine w(2).
-3
Let q(v) = -17*v + 38. Determine q(3).
-13
Let w(c) = -8*c + 6. Give w(-4).
38
Let f(r) = -16*r**2 + r. What is f(1)?
-15
Let y(w) = w**2 + 17*w + 43. Calculate y(-13).
-9
Let t(v) = -v**3 + 4. Determine t(3).
-23
Let g(c) = -2*c**2 + 65*c + 169. Calculate g(35).
-6
Let h(q) = -q**2 - 2*q + 4. Give h(-4).
-4
Let s(a) = -a**3 - 8*a**2 + 6*a + 6. Calculate s(-8).
-42
Let j(f) = -f**3 - 8*f**2 - 3*f - 5. What is j(-8)?
19
Let a(o) = 8*o - 78. Determine a(10).
2
Let b(o) = 6*o + 54. Give b(-12).
-18
Let q(n) = 2*n + 29. What is q(-15)?
-1
Let h(u) = u**3 - 6*u**2 - 4*u + 9. Give h(5).
-36
Let c(h) = h**3 + 13*h**2 - 31*h - 30. What is c(-15)?
-15
Let g(v) = 2*v**2 + 6*v - 48. What is g(4)?
8
Let z(s) = -4*s + 8. What is z(-5)?
28
Let s(n) = n**3 + 2*n**2 - n + 1. What is s(-3)?
-5
Let y(r) = 3*r**2 - 5*r - 8. Determine y(6).
70
Let k(w) = -2*w + 14. Give k(4).
6
Let x(g) = -7*g + 11. Determine x(3).
-10
Let w(f) = 54*f**2 + 1. Give w(-1).
55
Let p(s) = -s**3 + s**2 + s + 3. What is p(3)?
-12
Let d(c) = 36*c - 1. What is d(-1)?
-37
Let u(m) = m**3 + 5*m**2 - 22*m - 38. Determine u(-7).
18
Let x(i) = i - 7. Calculate x(-6).
-13
Let n(h) = h**2 + 15*h + 4. Calculate n(-13).
-22
Let o(b) = -b**2 - 27*b - 170. Determine o(-18).
-8
Let h(i) = -9*i + 6. Give h(4).
-30
Let z(c) = c**3 - 22*c**2 + c - 32. Give z(22).
-10
Let l(m) = m**3 + 7*m**2 + m + 1. Calculate l(-7).
-6
Let g(i) = 5*i - 12. Determine g(3).
3
Let c(p) = -p**2 - 15*p + 5. Determine c(-14).
19
Let m(r) = -r**2 + 4*r + 5. What is m(4)?
5
Let s(r) = 3*r**3 - 77*r**2 - 25*r - 32. Give s(26).
-6
Let k(j) = -j**3 + 3*j**2 + 3*j - 4. Calculate k(4).
-8
Let u(b) = -4*b**2 + 28*b - 3. Determine u(8).
-35
Let x(q) = -q**2 - 6*q - 1. Determine x(-4).
7
Let f(i) = -i**3 + 4*i**2 + 10*i - 8. Determine f(6).
-20
Let c(t) = -t**3 + 2*t**2 + 2*t + 4. Give c(0).
4
Let m(w) = -w**3 + w**2 + 14*w - 10. What is m(4)?
-2
Let v(p) = p**2 - 5*p + 13. Determine v(6).
19
Let y(z) = -z**3 + 4*z**2 + 2*z - 2. Calculate y(5).
-17
Let n(w) = w**2 + 14*w + 19. What is n(-4)?
-21
Let v(g) = g**3 + 15*g**2 + 18*g + 35. Determine v(-14).
-21
Let l(f) = f**3 + f**2 - f - 29. What is l(0)?
-29
Let q(c) = 4*c - 14. Determine q(-2).
-22
Let k(c) = 20*c - 23. Calculate k(3).
37
Let i(k) = 8*k + 2